hat is the units digit of 23880?
0
What is the units digit of 415?
5
What is the hundreds digit of 2165?
1
What is the ten thousands digit of 47918?
4
What is the hundreds digit of 1827?
8
What is the tens digit of 92297?
9
What is the tens digit of 864?
6
What is the units digit of 9259?
9
What is the hundreds digit of 3035?
0
What is the ten thousands digit of 12502?
1
What is the units digit of 2?
2
What is the tens digit of 166?
6
What is the units digit of 9033?
3
What is the hundreds digit of 3554?
5
What is the units digit of 6321?
1
What is the ten thousands digit of 14028?
1
What is the ten thousands digit of 34364?
3
What is the tens digit of 261?
6
What is the thousands digit of 1787?
1
What is the units digit of 10507?
7
What is the units digit of 117?
7
What is the hundreds digit of 20194?
1
What is the tens digit of 4834?
3
What is the tens digit of 726?
2
What is the hundreds digit of 1189?
1
What is the tens digit of 4819?
1
What is the thousands digit of 1098?
1
What is the units digit of 9323?
3
What is the ten thousands digit of 41165?
4
What is the units digit of 630?
0
What is the thousands digit of 9097?
9
What is the hundreds digit of 14055?
0
What is the tens digit of 8051?
5
What is the hundreds digit of 4213?
2
What is the ten thousands digit of 10863?
1
What is the hundreds digit of 5706?
7
What is the hundreds digit of 303?
3
What is the tens digit of 11495?
9
What is the units digit of 1514?
4
What is the hundreds digit of 16215?
2
What is the tens digit of 2184?
8
What is the hundreds digit of 4628?
6
What is the tens digit of 10699?
9
What is the tens digit of 46496?
9
What is the thousands digit of 29166?
9
What is the hundreds digit of 555?
5
What is the tens digit of 1602?
0
What is the thousands digit of 1498?
1
What is the units digit of 26361?
1
What is the thousands digit of 2732?
2
What is the hundreds digit of 21628?
6
What is the tens digit of 5797?
9
What is the hundreds digit of 2239?
2
What is the tens digit of 3022?
2
What is the tens digit of 1918?
1
What is the units digit of 11841?
1
What is the thousands digit of 42735?
2
What is the units digit of 4686?
6
What is the hundreds digit of 1420?
4
What is the hundreds digit of 32055?
0
What is the hundreds digit of 926?
9
What is the hundreds digit of 2028?
0
What is the thousands digit of 3391?
3
What is the units digit of 2668?
8
What is the hundreds digit of 3934?
9
What is the tens digit of 990?
9
What is the hundreds digit of 1099?
0
What is the thousands digit of 1790?
1
What is the tens digit of 68940?
4
What is the hundreds digit of 1237?
2
What is the hundreds digit of 35509?
5
What is the tens digit of 27369?
6
What is the units digit of 1283?
3
What is the tens digit of 4094?
9
What is the tens digit of 39116?
1
What is the thousands digit of 18738?
8
What is the thousands digit of 1122?
1
What is the units digit of 9882?
2
What is the thousands digit of 6644?
6
What is the tens digit of 1567?
6
What is the thousands digit of 4790?
4
What is the units digit of 10340?
0
What is the tens digit of 585?
8
What is the tens digit of 1744?
4
What is the units digit of 28715?
5
What is the hundreds digit of 3103?
1
What is the units digit of 5002?
2
What is the thousands digit of 3106?
3
What is the tens digit of 1134?
3
What is the hundreds digit of 728?
7
What is the hundreds digit of 7826?
8
What is the units digit of 50549?
9
What is the units digit of 51?
1
What is the thousands digit of 2840?
2
What is the hundreds digit of 32399?
3
What is the thousands digit of 1444?
1
What is the hundreds digit of 21073?
0
What is the hundreds digit of 14327?
3
What is the tens digit of 573?
7
What is the thousands digit of 22661?
2
What is the hundreds digit of 3434?
4
What is the tens digit of 4022?
2
What is the thousands digit of 9300?
9
What is the hundreds digit of 34715?
7
What is the thousands digit of 9331?
9
What is the hundreds digit of 32620?
6
What is the thousands digit of 26719?
6
What is the thousands digit of 31400?
1
What is the tens digit of 6421?
2
What is the hundreds digit of 8269?
2
What is the hundreds digit of 3512?
5
What is the units digit of 816?
6
What is the ten thousands digit of 65761?
6
What is the tens digit of 23995?
9
What is the units digit of 4162?
2
What is the tens digit of 435?
3
What is the hundreds digit of 54404?
4
What is the tens digit of 71275?
7
What is the thousands digit of 5108?
5
What is the hundred thousands digit of 124203?
1
What is the units digit of 138681?
1
What is the hundreds digit of 14954?
9
What is the units digit of 7675?
5
What is the units digit of 787?
7
What is the hundreds digit of 974?
9
What is the ten thousands digit of 12584?
1
What is the thousands digit of 14713?
4
What is the tens digit of 1431?
3
What is the hundreds digit of 105517?
5
What is the units digit of 6919?
9
What is the tens digit of 2731?
3
What is the thousands digit of 33492?
3
What is the ten thousands digit of 168836?
6
What is the thousands digit of 4387?
4
What is the thousands digit of 3742?
3
What is the units digit of 13849?
9
What is the hundreds digit of 39501?
5
What is the hundreds digit of 112097?
0
What is the thousands digit of 4019?
4
What is the thousands digit of 9214?
9
What is the hundreds digit of 4236?
2
What is the hundreds digit of 7687?
6
What is the thousands digit of 10542?
0
What is the tens digit of 46177?
7
What is the units digit of 2963?
3
What is the hundreds digit of 5557?
5
What is the thousands digit of 4635?
4
What is the ten thousands digit of 14139?
1
What is the hundreds digit of 179?
1
What is the tens digit of 16394?
9
What is the units digit of 274?
4
What is the thousands digit of 65275?
5
What is the thousands digit of 68483?
8
What is the tens digit of 3751?
5
What is the thousands digit of 11009?
1
What is the units digit of 39?
9
What is the thousands digit of 2242?
2
What is the thousands digit of 4298?
4
What is the tens digit of 250?
5
What is the tens digit of 6898?
9
What is the tens digit of 419?
1
What is the thousands digit of 24452?
4
What is the hundreds digit of 99557?
5
What is the hundreds digit of 1971?
9
What is the hundreds digit of 61994?
9
What is the hundreds digit of 8484?
4
What is the hundreds digit of 1562?
5
What is the units digit of 8864?
4
What is the ten thousands digit of 12779?
1
What is the tens digit of 33685?
8
What is the tens digit of 3836?
3
What is the units digit of 6479?
9
What is the units digit of 11240?
0
What is the ten thousands digit of 123371?
2
What is the units digit of 9062?
2
What is the thousands digit of 2066?
2
What is the units digit of 654?
4
What is the units digit of 927?
7
What is the thousands digit of 10184?
0
What is the tens digit of 8658?
5
What is the thousands digit of 19153?
9
What is the hundreds digit of 839?
8
What is the hundreds digit of 679?
6
What is the units digit of 54135?
5
What is the hundreds digit of 575?
5
What is the ten thousands digit of 69589?
6
What is the units digit of 5422?
2
What is the tens digit of 73723?
2
What is the thousands digit of 32643?
2
What is the thousands digit of 10104?
0
What is the tens digit of 24532?
3
What is the units digit of 10372?
2
What is the tens digit of 16?
1
What is the hundreds digit of 6889?
8
What is the ten thousands digit of 16834?
1
What is the ten thousands digit of 34129?
3
What is the units digit of 9000?
0
What is the hundreds digit of 13204?
2
What is the hundreds digit of 18590?
5
What is the hundreds digit of 4601?
6
What is the thousands digit of 19868?
9
What is the hundreds digit of 323?
3
What is the thousands digit of 188310?
8
What is the ten thousands digit of 10481?
1
What is the ten thousands digit of 75477?
7
What is the units digit of 2093?
3
What is the tens digit of 2310?
1
What is the thousands digit of 17561?
7
What is the units digit of 7094?
4
What is the units digit of 4788?
8
What is the units digit of 882?
2
What is the hundreds digit of 117936?
9
What is the tens digit of 61518?
1
What is the thousands digit of 4607?
4
What is the thousands digit of 1186?
1
What is the tens digit of 396?
9
What is the tens digit of 1549?
4
What is the hundreds digit of 8923?
9
What is the tens digit of 90?
9
What is the tens d